{"id":176,"date":"2022-10-01T17:44:53","date_gmt":"2022-10-01T15:44:53","guid":{"rendered":"https:\/\/clg-aimecesaire-ulis.fr\/?page_id=176"},"modified":"2022-10-01T17:44:53","modified_gmt":"2022-10-01T15:44:53","slug":"presentation-de-lulis","status":"publish","type":"page","link":"https:\/\/clg-aimecesaire-ulis.fr\/?page_id=176","title":{"rendered":"Pr\u00e9sentation de l&rsquo;Ulis"},"content":{"rendered":"<h3 class=\"wp-block-heading\">ULIS\u00a0: Unit\u00e9 Localis\u00e9e pour l\u2019Inclusion scolaire<\/h3>\n<ul class=\"wp-block-list\">\n<li>Dispositif pour les \u00e9l\u00e8ves en situation de handicap ou de maladies invalidants dont les difficult\u00e9s ne peuvent pas \u00eatre enti\u00e8rement assur\u00e9es dans le cadre d\u2019une classe ordinaire.<\/li>\n<li>Les \u00e9l\u00e8ves sont pris en charge par un enseignant sp\u00e9cialis\u00e9 aid\u00e9 d\u2019un AVS \u00ab\u00a0Assistant de Vie Scolaire\u00a0\u00bb collectif, ils re\u00e7oivent un enseignement adapt\u00e9 d\u00e9fini en accord avec l\u2019\u00e9l\u00e8ve et sa famille \u00e0 chaque d\u00e9but d\u2019ann\u00e9e.<\/li>\n<li>L\u2019ULIS Accueille au maximum 10 \u00e9l\u00e8ves qui suivent certains cours avec leur classe d\u2019\u00e2ge et les autres cours au sein du dispositif ULIS.<\/li>\n<li>L\u2019ULIS a trois objectifs&nbsp;:\n<ul>\n<li>Permettre la consolidation de l\u2019autonomie personnelle et sociale du jeune.<\/li>\n<li>D\u00e9velopper les apprentissages sociaux, scolaires, l\u2019acceptation des r\u00e8gles de vie scolaire et l\u2019am\u00e9lioration des capacit\u00e9s de communication.<\/li>\n<li>Concr\u00e9tiser \u00e0 terme un projet d\u2019insertion professionnelle concert\u00e9.<\/li>\n<\/ul>\n<\/li>\n<\/ul>\n","protected":false},"excerpt":{"rendered":"<p>ULIS\u00a0: Unit\u00e9 Localis\u00e9e pour l\u2019Inclusion scolaire Dispositif pour les \u00e9l\u00e8ves en situation de handicap ou de maladies invalidants dont les [&hellip;]<\/p>\n","protected":false},"author":1,"featured_media":0,"parent":0,"menu_order":0,"comment_status":"closed","ping_status":"closed","template":"","meta":{"cybocfi_hide_featured_image":"","footnotes":""},"class_list":["post-176","page","type-page","status-publish","hentry"],"_links":{"self":[{"href":"https:\/\/clg-aimecesaire-ulis.fr\/index.php?rest_route=\/wp\/v2\/pages\/176","targetHints":{"allow":["GET"]}}],"collection":[{"href":"https:\/\/clg-aimecesaire-ulis.fr\/index.php?rest_route=\/wp\/v2\/pages"}],"about":[{"href":"https:\/\/clg-aimecesaire-ulis.fr\/index.php?rest_route=\/wp\/v2\/types\/page"}],"author":[{"embeddable":true,"href":"https:\/\/clg-aimecesaire-ulis.fr\/index.php?rest_route=\/wp\/v2\/users\/1"}],"replies":[{"embeddable":true,"href":"https:\/\/clg-aimecesaire-ulis.fr\/index.php?rest_route=%2Fwp%2Fv2%2Fcomments&post=176"}],"version-history":[{"count":1,"href":"https:\/\/clg-aimecesaire-ulis.fr\/index.php?rest_route=\/wp\/v2\/pages\/176\/revisions"}],"predecessor-version":[{"id":177,"href":"https:\/\/clg-aimecesaire-ulis.fr\/index.php?rest_route=\/wp\/v2\/pages\/176\/revisions\/177"}],"wp:attachment":[{"href":"https:\/\/clg-aimecesaire-ulis.fr\/index.php?rest_route=%2Fwp%2Fv2%2Fmedia&parent=176"}],"curies":[{"name":"wp","href":"https:\/\/api.w.org\/{rel}","templated":true}]}}

Présentation de l&rsquo;Ulis

<h3 class="wp-block-heading">ULIS : Unité Localisée pour l’Inclusion scolaire</h3>
<ul class="wp-block-list">
<li>Dispositif pour les élèves en situation de handicap ou de maladies invalidants dont les difficultés ne peuvent pas être entièrement assurées dans le cadre d’une classe ordinaire.</li>
<li>Les élèves sont pris en charge par un enseignant spécialisé aidé d’un AVS « Assistant de Vie Scolaire » collectif, ils reçoivent un enseignement adapté défini en accord avec l’élève et sa famille à chaque début d’année.</li>
<li>L’ULIS Accueille au maximum 10 élèves qui suivent certains cours avec leur classe d’âge et les autres cours au sein du dispositif ULIS.</li>
<li>L’ULIS a trois objectifs&nbsp;:
<ul>
<li>Permettre la consolidation de l’autonomie personnelle et sociale du jeune.</li>
<li>Développer les apprentissages sociaux, scolaires, l’acceptation des règles de vie scolaire et l’amélioration des capacités de communication.</li>
<li>Concrétiser à terme un projet d’insertion professionnelle concerté.</li>
</ul>
</li>
</ul>

<p>ULIS : Unité Localisée pour l’Inclusion scolaire Dispositif pour les élèves en situation de handicap ou de maladies invalidants dont les [&hellip;]</p>
