{"id":2,"date":"2022-07-18T12:04:44","date_gmt":"2022-07-18T10:04:44","guid":{"rendered":"http:\/\/clg-aimecesaire-ulis.fr\/?page_id=2"},"modified":"2025-09-08T07:53:18","modified_gmt":"2025-09-08T05:53:18","slug":"page-d-exemple","status":"publish","type":"page","link":"https:\/\/clg-aimecesaire-ulis.fr\/?page_id=2","title":{"rendered":"Le mot du principal"},"content":{"rendered":"<div class=\"wp-block-columns is-layout-flex wp-container-core-columns-is-layout-28f84493 wp-block-columns-is-layout-flex\">\n<div class=\"wp-block-column has-normal-font-size is-layout-flow wp-block-column-is-layout-flow\" style=\"flex-basis:66.66%\">\n<p class=\"has-text-align-left\">Bienvenue sur le site du coll\u00e8ge Aim\u00e9 C\u00e9saire des Ulis.<br \/>Ce site est \u00e0 la fois une vitrine de nos projets, de nos actions et un lieu d\u2019information et de partage pour l\u2019ensemble de la communaut\u00e9 \u00e9ducative.<\/p>\n<p style=\"text-align: justify;\">\u00c0 la rentr\u00e9e 2025, notre coll\u00e8ge accueille pr\u00e8s de 700 \u00e9l\u00e8ves r\u00e9partis dans 31 classes, avec une SEGPA, un dispositif ULIS et une UPE2A, qui t\u00e9moignent de notre engagement en faveur d\u2019une \u00e9cole pleinement inclusive.<br \/>Au c\u0153ur de notre mission, une ambition simple et exigeante : <strong>donner \u00e0 chaque \u00e9l\u00e8ve les moyens de r\u00e9ussir et de s\u2019\u00e9panouir<\/strong>.<\/p>\n<p style=\"text-align: justify;\">Pour atteindre cet objectif, nous nous appuyons sur :<\/p>\n<ul class=\"wp-block-list\">\n<li>des \u00e9quipes p\u00e9dagogiques et \u00e9ducatives investies, attentives aux besoins de chacun ;<\/li>\n<li>un accompagnement renforc\u00e9 pour les \u00e9l\u00e8ves les plus fragiles ;<\/li>\n<li>une attention particuli\u00e8re port\u00e9e au bien-\u00eatre, \u00e0 la qualit\u00e9 du climat scolaire et au vivre-ensemble.<\/li>\n<\/ul>\n<p style=\"text-align: justify;\">Nos priorit\u00e9s \u00e9ducatives s\u2019incarnent \u00e0 travers :<\/p>\n<ul class=\"wp-block-list\">\n<li>la lutte contre toutes les formes de harc\u00e8lement (programme <strong>pHARe<\/strong>),<\/li>\n<li>la promotion de l\u2019<strong>\u00e9galit\u00e9 filles\/gar\u00e7ons<\/strong> et du <strong>respect mutuel<\/strong>,<\/li>\n<li>la sensibilisation \u00e0 la <strong>sant\u00e9<\/strong>, au <strong>d\u00e9veloppement durable<\/strong> et \u00e0 la <strong>citoyennet\u00e9 num\u00e9rique<\/strong>,<\/li>\n<li>un travail collectif autour de l\u2019<strong>orientation r\u00e9fl\u00e9chie<\/strong> et de la <strong>r\u00e9ussite au Dipl\u00f4me National du Brevet<\/strong>.<\/li>\n<\/ul>\n<p style=\"text-align: justify;\">Le coll\u00e8ge est aussi un lieu de projets et d\u2019innovations : ouverture culturelle, pratiques artistiques et sportives, partenariats avec les acteurs du territoire, de la ville et d\u00e9sormais, un r\u00f4le central dans la <strong>cit\u00e9 \u00e9ducative des Ulis<\/strong>, qui vient renforcer notre action au service des \u00e9l\u00e8ves et de leurs familles.<\/p>\n<p style=\"text-align: justify;\">Je vous invite \u00e0 parcourir ce site pour d\u00e9couvrir la richesse de la vie du coll\u00e8ge, les projets port\u00e9s par les \u00e9quipes et les r\u00e9ussites de nos \u00e9l\u00e8ves.<\/p>\n<p style=\"text-align: justify;\">Excellente visite et belle rentr\u00e9e \u00e0 toutes et \u00e0 tous !<\/p>\n<p class=\"has-text-align-left\">Philippe GUEGAN<br \/>Principal du coll\u00e8ge Aim\u00e9 C\u00e9saire<\/p>\n<p class=\"has-small-font-size\">\n<\/div>\n<div class=\"wp-block-column is-layout-flow wp-block-column-is-layout-flow\" style=\"flex-basis:33.33%\">\n<figure class=\"wp-block-image is-resized\" id=\"block-daa2d2f9-559d-4326-8b5a-7274150bc543\"><img decoding=\"async\" src=\"https:\/\/clg-aimecesaire-ulis.fr\/wp-content\/uploads\/2022\/07\/img_20120609_091505r-ee5f6-1.jpg\" alt=\"L\u2019attribut alt de cette image est vide, son nom de fichier est img_20120609_091505r-ee5f6-1.jpg.\" style=\"width:230px;height:230px\"\/><\/figure>\n<\/div>\n<\/div>\n<p style=\"text-align: justify;\"><p id=\"block-f5733da3-8ed4-4baa-ba6f-c812c4a7aef4\">\ufeff<\/p><\/p>\n","protected":false},"excerpt":{"rendered":"<p>Bienvenue sur le site du coll\u00e8ge Aim\u00e9 C\u00e9saire des Ulis.Ce site est \u00e0 la fois une vitrine de nos projets, [&hellip;]<\/p>\n","protected":false},"author":1,"featured_media":0,"parent":234,"menu_order":0,"comment_status":"closed","ping_status":"open","template":"","meta":{"cybocfi_hide_featured_image":"","footnotes":""},"class_list":["post-2","page","type-page","status-publish","hentry"],"_links":{"self":[{"href":"https:\/\/clg-aimecesaire-ulis.fr\/index.php?rest_route=\/wp\/v2\/pages\/2","targetHints":{"allow":["GET"]}}],"collection":[{"href":"https:\/\/clg-aimecesaire-ulis.fr\/index.php?rest_route=\/wp\/v2\/pages"}],"about":[{"href":"https:\/\/clg-aimecesaire-ulis.fr\/index.php?rest_route=\/wp\/v2\/types\/page"}],"author":[{"embeddable":true,"href":"https:\/\/clg-aimecesaire-ulis.fr\/index.php?rest_route=\/wp\/v2\/users\/1"}],"replies":[{"embeddable":true,"href":"https:\/\/clg-aimecesaire-ulis.fr\/index.php?rest_route=%2Fwp%2Fv2%2Fcomments&post=2"}],"version-history":[{"count":12,"href":"https:\/\/clg-aimecesaire-ulis.fr\/index.php?rest_route=\/wp\/v2\/pages\/2\/revisions"}],"predecessor-version":[{"id":1890,"href":"https:\/\/clg-aimecesaire-ulis.fr\/index.php?rest_route=\/wp\/v2\/pages\/2\/revisions\/1890"}],"up":[{"embeddable":true,"href":"https:\/\/clg-aimecesaire-ulis.fr\/index.php?rest_route=\/wp\/v2\/pages\/234"}],"wp:attachment":[{"href":"https:\/\/clg-aimecesaire-ulis.fr\/index.php?rest_route=%2Fwp%2Fv2%2Fmedia&parent=2"}],"curies":[{"name":"wp","href":"https:\/\/api.w.org\/{rel}","templated":true}]}}